{"id":247,"date":"2025-06-09T20:39:57","date_gmt":"2025-06-09T18:39:57","guid":{"rendered":"http:\/\/aromata.pl\/?post_type=product&#038;p=247"},"modified":"2025-07-20T18:36:04","modified_gmt":"2025-07-20T16:36:04","slug":"przyprawa-grillvit","status":"publish","type":"product","link":"https:\/\/aromata.pl\/?product=przyprawa-grillvit","title":{"rendered":"Przyprawa Grillvit"},"content":{"rendered":"<p><b>Grillvit \u2013 esencja smaku w ka\u017cdej pieczeni<\/b><br \/>\nWyrafinowana kompozycja przypraw stworzona z my\u015bl\u0105 o mi\u0119sach z grilla, piekarnika i patelni. <b>Grillvit<\/b> \u0142\u0105czy w sobie aromatyczn\u0105 s\u00f3l, \u0142agodn\u0105 s\u0142odycz papryki i marchwi, pikantn\u0105 nut\u0119 ostrej papryki oraz g\u0142\u0119bi\u0119 czosnku i cebuli. Szlachetna <b>kurkuma<\/b> i subtelna <b>kolendra<\/b> nadaj\u0105 przyprawie wyrazisty, a zarazem zbalansowany charakter.<\/p>\n<p>Bez dodatku alergen\u00f3w, powsta\u0142a z naturalnych sk\u0142adnik\u00f3w \u2014 to mieszanka, kt\u00f3ra wydobywa z mi\u0119sa jego pe\u0142ni\u0119 smaku, nie dominuj\u0105c, lecz podkre\u015blaj\u0105c jego esencj\u0119.<\/p>\n<p><b>Grillvit<\/b> \u2013 dla tych, kt\u00f3rzy grilluj\u0105 z klas\u0105.<\/p>\n","protected":false},"excerpt":{"rendered":"<p><b>Grillvit<\/b> \u2013 dla tych, kt\u00f3rzy grilluj\u0105 z klas\u0105.<\/p>\n","protected":false},"featured_media":992,"comment_status":"open","ping_status":"closed","template":"","meta":[],"product_brand":[],"product_cat":[22],"product_tag":[],"class_list":{"0":"post-247","1":"product","2":"type-product","3":"status-publish","4":"has-post-thumbnail","6":"product_cat-przyprawy","8":"first","9":"instock","10":"shipping-taxable","11":"purchasable","12":"product-type-variable"},"_links":{"self":[{"href":"https:\/\/aromata.pl\/index.php?rest_route=\/wp\/v2\/product\/247","targetHints":{"allow":["GET"]}}],"collection":[{"href":"https:\/\/aromata.pl\/index.php?rest_route=\/wp\/v2\/product"}],"about":[{"href":"https:\/\/aromata.pl\/index.php?rest_route=\/wp\/v2\/types\/product"}],"replies":[{"embeddable":true,"href":"https:\/\/aromata.pl\/index.php?rest_route=%2Fwp%2Fv2%2Fcomments&post=247"}],"wp:featuredmedia":[{"embeddable":true,"href":"https:\/\/aromata.pl\/index.php?rest_route=\/wp\/v2\/media\/992"}],"wp:attachment":[{"href":"https:\/\/aromata.pl\/index.php?rest_route=%2Fwp%2Fv2%2Fmedia&parent=247"}],"wp:term":[{"taxonomy":"product_brand","embeddable":true,"href":"https:\/\/aromata.pl\/index.php?rest_route=%2Fwp%2Fv2%2Fproduct_brand&post=247"},{"taxonomy":"product_cat","embeddable":true,"href":"https:\/\/aromata.pl\/index.php?rest_route=%2Fwp%2Fv2%2Fproduct_cat&post=247"},{"taxonomy":"product_tag","embeddable":true,"href":"https:\/\/aromata.pl\/index.php?rest_route=%2Fwp%2Fv2%2Fproduct_tag&post=247"}],"curies":[{"name":"wp","href":"https:\/\/api.w.org\/{rel}","templated":true}]}}